90215?
4
What is the ten thousands digit of 248448585?
4
What is the hundred thousands digit of 41390176?
3
What is the units digit of 919358723?
3
What is the thousands digit of 1342373903?
3
What is the tens digit of 430746285?
8
What is the hundred thousands digit of 165206701?
2
What is the tens digit of 77989844?
4
What is the thousands digit of 44310073?
0
What is the tens digit of 107451131?
3
What is the hundreds digit of 1555574520?
5
What is the millions digit of 7115285313?
5
What is the ten millions digit of 36902307?
3
What is the ten millions digit of 1361927412?
6
What is the hundred millions digit of 625448943?
6
What is the hundred thousands digit of 188168926?
1
What is the ten millions digit of 160018717?
6
What is the millions digit of 50904679?
0
What is the ten thousands digit of 1476625471?
2
What is the thousands digit of 22039943?
9
What is the thousands digit of 1020580795?
0
What is the tens digit of 2915375302?
0
What is the hundred thousands digit of 137215887?
2
What is the millions digit of 328640657?
8
What is the units digit of 47382447?
7
What is the millions digit of 746259256?
6
What is the hundreds digit of 201262993?
9
What is the hundreds digit of 2120228686?
6
What is the units digit of 528127098?
8
What is the thousands digit of 522506803?
6
What is the hundreds digit of 38754082?
0
What is the hundreds digit of 576785761?
7
What is the hundreds digit of 1375888477?
4
What is the tens digit of 321090379?
7
What is the ten millions digit of 87480034?
8
What is the units digit of 69892949?
9
What is the hundred thousands digit of 442125056?
1
What is the thousands digit of 169703?
9
What is the ten thousands digit of 498404677?
0
What is the thousands digit of 2410176863?
6
What is the millions digit of 697306015?
7
What is the hundred thousands digit of 818132944?
1
What is the thousands digit of 11050668?
0
What is the ten millions digit of 33687923?
3
What is the units digit of 62026191?
1
What is the hundreds digit of 726841941?
9
What is the ten thousands digit of 2519260605?
6
What is the hundreds digit of 62453423?
4
What is the hundreds digit of 125513609?
6
What is the ten thousands digit of 114079223?
7
What is the hundred thousands digit of 26911505?
9
What is the hundreds digit of 213471372?
3
What is the ten thousands digit of 46354915?
5
What is the units digit of 1888883197?
7
What is the tens digit of 2035015839?
3
What is the units digit of 166945135?
5
What is the ten thousands digit of 4192299833?
9
What is the millions digit of 87012330?
7
What is the millions digit of 198514761?
8
What is the hundred thousands digit of 209477604?
4
What is the thousands digit of 2099584182?
4
What is the thousands digit of 107140612?
0
What is the units digit of 1675843188?
8
What is the hundred thousands digit of 44291006?
2
What is the tens digit of 719580961?
6
What is the hundreds digit of 628897787?
7
What is the ten millions digit of 435597752?
3
What is the hundred millions digit of 176730948?
1
What is the billions digit of 1481831467?
1
What is the ten thousands digit of 2962049?
6
What is the hundreds digit of 5468656067?
0
What is the units digit of 424563175?
5
What is the ten millions digit of 1049013755?
4
What is the millions digit of 37819318?
7
What is the hundreds digit of 238915887?
8
What is the units digit of 17069451?
1
What is the ten thousands digit of 7851140?
5
What is the millions digit of 268954785?
8
What is the ten millions digit of 3993544755?
9
What is the millions digit of 29033960?
9
What is the billions digit of 2328214243?
2
What is the ten millions digit of 560528178?
6
What is the units digit of 1503653630?
0
What is the ten thousands digit of 685232145?
3
What is the hundred millions digit of 964509593?
9
What is the ten millions digit of 187138619?
8
What is the hundreds digit of 4357164467?
4
What is the billions digit of 4072093573?
4
What is the tens digit of 71295360?
6
What is the ten thousands digit of 883561216?
6
What is the units digit of 6839074?
4
What is the hundreds digit of 159179218?
2
What is the thousands digit of 23332325?
2
What is the hundred thousands digit of 31607724?
6
What is the hundred thousands digit of 214902351?
9
What is the ten millions digit of 3404216798?
0
What is the tens digit of 1478752094?
9
What is the hundred millions digit of 4135299751?
1
What is the hundred thousands digit of 6350460?
3
What is the thousands digit of 36835009?
5
What is the hundred thousands digit of 1990783291?
7
What is the thousands digit of 734193538?
3
What is the ten millions digit of 255706794?
5
What is the ten millions digit of 43938729?
4
What is the ten millions digit of 907420944?
0
What is the thousands digit of 197850880?
0
What is the millions digit of 46457116?
6
What is the hundreds digit of 63617613?
6
What is the hundred thousands digit of 3191837216?
8
What is the tens digit of 128239963?
6
What is the tens digit of 3774218367?
6
What is the tens digit of 1296227754?
5
What is the ten thousands digit of 2280605050?
0
What is the hundred thousands digit of 3443226?
4
What is the millions digit of 87631459?
7
What is the thousands digit of 295774308?
4
What is the units digit of 65116135?
5
What is the hundreds digit of 335158294?
2
What is the billions digit of 3830628426?
3
What is the millions digit of 187055880?
7
What is the units digit of 16749278?
8
What is the billions digit of 1421986866?
1
What is the hundred thousands digit of 425661058?
6
What is the tens digit of 8958790?
9
What is the millions digit of 2019061456?
9
What is the billions digit of 1497761666?
1
What is the thousands digit of 1870713430?
3
What is the millions digit of 49354331?
9
What is the millions digit of 39876071?
9
What is the hundreds digit of 183205594?
5
What is the units digit of 998647281?
1
What is the ten thousands digit of 5923041287?
4
What is the hundreds digit of 7309132874?
8
What is the tens digit of 57741006?
0
What is the tens digit of 11222612?
1
What is the ten millions digit of 33016226?
3
What is the hundred thousands digit of 216083337?
0
What is the ten millions digit of 160625310?
6
What is the units digit of 2915193496?
6
What is the hundred thousands digit of 48148698?
1
What is the hundred thousands digit of 2274172742?
1
What is the hundreds digit of 73019964?
9
What is the hundred thousands digit of 636356279?
3
What is the units digit of 1243113248?
8
What is the billions digit of 8985258229?
8
What is the hundred millions digit of 168104296?
1
What is the tens digit of 275157330?
3
What is the thousands digit of 1841729064?
9
What is the thousands digit of 47440693?
0
What is the millions digit of 129030101?
9
What is the ten thousands digit of 80039018?
3
What is the millions digit of 369838696?
9
What is the millions digit of 169506924?
9
What is the ten millions digit of 64173508?
6
What is the hundreds digit of 145496562?
5
What is the units digit of 24454264?
4
What is the ten thousands digit of 198340117?
4
What is the tens digit of 80568505?
0
What is the ten millions digit of 1448592032?
4
What is the units digit of 89288956?
6
What is the hundreds digit of 61060028?
0
What is the hundreds digit of 347227065?
0
What is the units digit of 255706168?
8
What is the tens digit of 64800607?
0
What is the millions digit of 17383630?
7
What is the hundreds digit of 1022565808?
8
What is the hundreds digit of 75773109?
1
What is the hundreds digit of 16122029?
0
What is the hundreds digit of 109522264?
2
What is the hundred thousands digit of 600294699?
2
What is the units digit of 17807650?
0
What is the millions digit of 1344648190?
4
What is the tens digit of 241420802?
0
What is the ten thousands digit of 416028234?
2
What is the millions digit of 138074168?
8
What is the tens digit of 13665945?
4
What is the hundred millions digit of 521004104?
5
What is the thousands digit of 142131351?
1
What is the units digit of 475389094?
4
What is the millions digit of 10600142?
0
What is the ten millions digit of 17753552?
1
What is the hundreds digit of 408700150?
1
What is the hundreds digit of 35302378?
3
What is the hundred thousands digit of 1125728960?
7
What is the ten millions digit of 358864109?
5
What is the uni